he remainder when 5107 is divided by 35.
32
What is the remainder when 3374 is divided by 87?
68
Calculate the remainder when 637 is divided by 159.
1
What is the remainder when 3448 is divided by 54?
46
Calculate the remainder when 26 is divided by 10.
6
What is the remainder when 394 is divided by 187?
20
Calculate the remainder when 1482 is divided by 739.
4
What is the remainder when 274 is divided by 55?
54
What is the remainder when 285 is divided by 82?
39
What is the remainder when 91 is divided by 91?
0
Calculate the remainder when 239 is divided by 50.
39
What is the remainder when 5756 is divided by 10?
6
Calculate the remainder when 68 is divided by 6.
2
Calculate the remainder when 2349 is divided by 1.
0
Calculate the remainder when 236 is divided by 60.
56
Calculate the remainder when 2013 is divided by 32.
29
Calculate the remainder when 1308 is divided by 13.
8
Calculate the remainder when 293 is divided by 268.
25
What is the remainder when 130 is divided by 20?
10
What is the remainder when 3028 is divided by 1009?
1
Calculate the remainder when 4448 is divided by 111.
8
Calculate the remainder when 326 is divided by 82.
80
What is the remainder when 64 is divided by 13?
12
Calculate the remainder when 608 is divided by 67.
5
What is the remainder when 2159 is divided by 21?
17
Calculate the remainder when 62985 is divided by 14.
13
What is the remainder when 1975 is divided by 86?
83
Calculate the remainder when 1291 is divided by 19.
18
Calculate the remainder when 1013 is divided by 13.
12
Calculate the remainder when 593 is divided by 23.
18
What is the remainder when 62 is divided by 34?
28
What is the remainder when 356 is divided by 40?
36
What is the remainder when 627 is divided by 30?
27
What is the remainder when 932 is divided by 59?
47
What is the remainder when 976 is divided by 121?
8
What is the remainder when 382 is divided by 56?
46
What is the remainder when 187 is divided by 12?
7
What is the remainder when 550 is divided by 13?
4
Calculate the remainder when 518 is divided by 131.
125
What is the remainder when 525 is divided by 158?
51
What is the remainder when 123 is divided by 119?
4
What is the remainder when 235 is divided by 126?
109
What is the remainder when 57229 is divided by 59?
58
Calculate the remainder when 128 is divided by 114.
14
Calculate the remainder when 52 is divided by 8.
4
Calculate the remainder when 182 is divided by 90.
2
What is the remainder when 796 is divided by 17?
14
What is the remainder when 2447 is divided by 144?
143
What is the remainder when 8 is divided by 4?
0
Calculate the remainder when 266 is divided by 34.
28
Calculate the remainder when 78 is divided by 9.
6
Calculate the remainder when 116 is divided by 56.
4
Calculate the remainder when 431 is divided by 144.
143
What is the remainder when 579 is divided by 132?
51
Calculate the remainder when 35 is divided by 19.
16
Calculate the remainder when 9797 is divided by 11.
7
What is the remainder when 105 is divided by 87?
18
Calculate the remainder when 329 is divided by 215.
114
Calculate the remainder when 472 is divided by 19.
16
Calculate the remainder when 1820 is divided by 7.
0
Calculate the remainder when 274 is divided by 20.
14
Calculate the remainder when 3624 is divided by 23.
13
Calculate the remainder when 953 is divided by 117.
17
Calculate the remainder when 618 is divided by 24.
18
What is the remainder when 2580 is divided by 19?
15
Calculate the remainder when 125 is divided by 60.
5
What is the remainder when 351 is divided by 21?
15
What is the remainder when 7584 is divided by 41?
40
What is the remainder when 396 is divided by 16?
12
Calculate the remainder when 357 is divided by 50.
7
Calculate the remainder when 1463 is divided by 77.
0
What is the remainder when 2771 is divided by 14?
13
What is the remainder when 17 is divided by 10?
7
What is the remainder when 2168 is divided by 167?
164
What is the remainder when 9164 is divided by 48?
44
What is the remainder when 405 is divided by 29?
28
What is the remainder when 84 is divided by 29?
26
Calculate the remainder when 244 is divided by 54.
28
What is the remainder when 151 is divided by 11?
8
What is the remainder when 310 is divided by 25?
10
What is the remainder when 770 is divided by 97?
91
Calculate the remainder when 1046 is divided by 205.
21
Calculate the remainder when 440 is divided by 237.
203
Calculate the remainder when 499 is divided by 62.
3
What is the remainder when 128 is divided by 44?
40
What is the remainder when 80 is divided by 52?
28
Calculate the remainder when 2248 is divided by 173.
172
Calculate the remainder when 4701 is divided by 21.
18
Calculate the remainder when 73 is divided by 61.
12
What is the remainder when 570 is divided by 22?
20
Calculate the remainder when 1067 is divided by 17.
13
Calculate the remainder when 4960 is divided by 17.
13
Calculate the remainder when 4928 is divided by 53.
52
What is the remainder when 175 is divided by 9?
4
Calculate the remainder when 287 is divided by 29.
26
Calculate the remainder when 664 is divided by 9.
7
What is the remainder when 475 is divided by 29?
11
What is the remainder when 351 is divided by 75?
51
What is the remainder when 390 is divided by 99?
93
Calculate the remainder when 1762 is divided by 21.
19
Calculate the remainder when 221 is divided by 75.
71
What is the remainder when 1791 is divided by 23?
20
Calculate the remainder when 45 is divided by 16.
13
Calculate the remainder when 622 is divided by 34.
10
Calculate the remainder when 408 is divided by 29.
2
Calculate the remainder when 20413 is divided by 346.
345
What is the remainder when 487 is divided by 150?
37
Calculate the remainder when 75 is divided by 29.
17
Calculate the remainder when 360 is divided by 77.
52
What is the remainder when 96 is divided by 17?
11
Calculate the remainder when 908 is divided by 76.
72
What is the remainder when 721 is divided by 4?
1
What is the remainder when 3215 is divided by 802?
7
What is the remainder when 15724 is divided by 107?
102
What is the remainder when 553 is divided by 135?
13
What is the remainder when 8753 is divided by 8?
1
Calculate the remainder when 198 is divided by 98.
2
Calculate the remainder when 60 is divided by 11.
5
Calculate the remainder when 4174 is divided by 24.
22
Calculate the remainder when 211 is divided by 66.
13
Calculate the remainder when 465 is divided by 48.
33
What is the remainder when 707 is divided by 118?
117
What is the remainder when 147 is divided by 51?
45
Calculate the remainder when 359 is divided by 18.
17
Calculate the remainder when 129 is divided by 6.
3
Calculate the remainder when 391 is divided by 49.
48
Calculate the remainder when 39 is divided by 21.
18
Calculate the remainder when 63 is divided by 31.
1
Calculate the remainder when 6515 is divided by 36.
35
Calculate the remainder when 1052 is divided by 120.
92
What is the remainder when 86 is divided by 33?
20
Calculate the remainder when 1459 is divided by 486.
1
Calculate the remainder when 168 is divided by 45.
33
What is the remainder when 120 is divided by 92?
28
Calculate the remainder when 89 is divided by 30.
29
Calculate the remainder when 81 is divided by 49.
32
What is the remainder when 54 is divided by 16?
6
Calculate the remainder when 292 is divided by 56.
12
Calculate the remainder when 1969 is divided by 197.
196
What is the remainder when 2151 is divided by 68?
43
Calculate the remainder when 101 is divided by 68.
33
Calculate the remainder when 252 is divided by 15.
12
Calculate the remainder when 172 is divided by 45.
37
What is the remainder when 1151 is divided by 72?
71
Calculate the remainder when 442 is divided by 43.
12
What is the remainder when 649 is divided by 110?
99
Calculate the remainder when 3798 is divided by 32.
22
Calculate the remainder when 332 is divided by 31.
22
Calculate the remainder when 2182 is divided by 6.
4
What is the remainder when 342 is divided by 192?
150
Calculate the remainder when 1846 is divided by 66.
64
What is the remainder when 376 is divided by 121?
13
What is the remainder when 1565 is divided by 32?
29
Calculate the remainder when 51434 is divided by 45.
44
